s the hundreds digit of 84297332?
3
What is the units digit of 69405475?
5
What is the units digit of 3597025?
5
What is the units digit of 125610341?
1
What is the tens digit of 1157053163?
6
What is the units digit of 45277952?
2
What is the ten millions digit of 56420047?
5
What is the ten millions digit of 540280889?
4
What is the millions digit of 35958013?
5
What is the ten thousands digit of 85772702?
7
What is the ten thousands digit of 53928191?
2
What is the ten thousands digit of 258031751?
3
What is the ten thousands digit of 1031990677?
9
What is the millions digit of 196169885?
6
What is the ten thousands digit of 9720464?
2
What is the hundred millions digit of 129778413?
1
What is the hundreds digit of 2832338?
3
What is the millions digit of 171639318?
1
What is the units digit of 124431454?
4
What is the ten millions digit of 52442187?
5
What is the tens digit of 207644847?
4
What is the thousands digit of 256439483?
9
What is the tens digit of 71950292?
9
What is the hundred thousands digit of 54854949?
8
What is the thousands digit of 43334274?
4
What is the millions digit of 8531456?
8
What is the units digit of 11831702?
2
What is the hundreds digit of 58307510?
5
What is the hundred millions digit of 612774718?
6
What is the hundred thousands digit of 1939832231?
8
What is the ten millions digit of 750133161?
5
What is the hundred thousands digit of 100647879?
6
What is the hundreds digit of 2469102395?
3
What is the millions digit of 1108289743?
8
What is the millions digit of 268059607?
8
What is the hundreds digit of 1793166?
1
What is the millions digit of 55988859?
5
What is the hundred thousands digit of 875988822?
9
What is the ten thousands digit of 48281516?
8
What is the tens digit of 95853390?
9
What is the ten millions digit of 611368974?
1
What is the hundreds digit of 527003705?
7
What is the hundred millions digit of 4104884000?
1
What is the hundred millions digit of 135258715?
1
What is the hundred millions digit of 311352394?
3
What is the millions digit of 3583327?
3
What is the hundreds digit of 46290247?
2
What is the hundred thousands digit of 42950247?
9
What is the thousands digit of 5839952539?
2
What is the thousands digit of 92292494?
2
What is the hundred thousands digit of 101960603?
9
What is the units digit of 239936658?
8
What is the hundreds digit of 2392830620?
6
What is the units digit of 1375797805?
5
What is the ten millions digit of 305685961?
0
What is the millions digit of 7540115?
7
What is the hundreds digit of 9185953?
9
What is the hundreds digit of 4326220?
2
What is the units digit of 54819703?
3
What is the hundreds digit of 11399978?
9
What is the millions digit of 520241953?
0
What is the units digit of 56714042?
2
What is the hundreds digit of 89495070?
0
What is the thousands digit of 181855167?
5
What is the millions digit of 23342402?
3
What is the hundred thousands digit of 39827973?
8
What is the hundred thousands digit of 62858343?
8
What is the thousands digit of 1873414550?
4
What is the tens digit of 437088459?
5
What is the thousands digit of 2837167142?
7
What is the thousands digit of 117133292?
3
What is the ten millions digit of 2899941517?
9
What is the hundreds digit of 485312841?
8
What is the millions digit of 39592142?
9
What is the hundred thousands digit of 119753008?
7
What is the ten thousands digit of 118267015?
6
What is the ten thousands digit of 1664926914?
2
What is the billions digit of 1380760972?
1
What is the thousands digit of 432361162?
1
What is the tens digit of 1443287739?
3
What is the millions digit of 461384991?
1
What is the hundreds digit of 124403753?
7
What is the hundred thousands digit of 579243088?
2
What is the ten millions digit of 807789399?
0
What is the millions digit of 5489741785?
9
What is the millions digit of 17891334?
7
What is the ten thousands digit of 23718120?
1
What is the ten millions digit of 87551477?
8
What is the hundreds digit of 74388438?
4
What is the ten thousands digit of 18248202?
4
What is the ten thousands digit of 48836415?
3
What is the thousands digit of 2691867957?
7
What is the hundred millions digit of 235620341?
2
What is the ten thousands digit of 74062704?
6
What is the ten millions digit of 141956472?
4
What is the ten thousands digit of 1665998688?
9
What is the units digit of 109164259?
9
What is the hundreds digit of 34670279?
2
What is the tens digit of 801242671?
7
What is the tens digit of 113004338?
3
What is the tens digit of 3493182?
8
What is the thousands digit of 5586657630?
7
What is the tens digit of 6600565?
6
What is the hundreds digit of 421189477?
4
What is the millions digit of 117563805?
7
What is the hundreds digit of 39217539?
5
What is the thousands digit of 465447381?
7
What is the tens digit of 277410993?
9
What is the ten millions digit of 3150445057?
5
What is the units digit of 43631764?
4
What is the thousands digit of 711293205?
3
What is the tens digit of 124463483?
8
What is the hundred thousands digit of 1013411005?
4
What is the units digit of 804681160?
0
What is the thousands digit of 168837155?
7
What is the tens digit of 121801268?
6
What is the hundreds digit of 1379403140?
1
What is the billions digit of 1042457198?
1
What is the tens digit of 1037950267?
6
What is the units digit of 282267404?
4
What is the hundreds digit of 15993001?
0
What is the ten thousands digit of 303399964?
9
What is the ten millions digit of 1036538139?
3
What is the ten millions digit of 2490511775?
9
What is the tens digit of 46989759?
5
What is the units digit of 81530149?
9
What is the hundred thousands digit of 132166003?
1
What is the hundred thousands digit of 4303675626?
6
What is the millions digit of 1386493614?
6
What is the hundreds digit of 487383252?
2
What is the hundreds digit of 53612054?
0
What is the hundreds digit of 34294535?
5
What is the hundred millions digit of 660809852?
6
What is the hundreds digit of 76287669?
6
What is the thousands digit of 94413322?
3
What is the hundreds digit of 67851529?
5
What is the hundred millions digit of 3947096309?
9
What is the ten thousands digit of 4086559521?
5
What is the ten millions digit of 41575706?
4
What is the tens digit of 160012026?
2
What is the millions digit of 51595928?
1
What is the ten millions digit of 367779566?
6
What is the millions digit of 1967395839?
7
What is the hundred millions digit of 3217520468?
2
What is the hundred millions digit of 147717967?
1
What is the hundred thousands digit of 752212597?
2
What is the units digit of 57739195?
5
What is the ten millions digit of 2483704473?
8
What is the ten thousands digit of 554714767?
1
What is the thousands digit of 3376316531?
6
What is the millions digit of 106742893?
6
What is the ten thousands digit of 918007021?
0
What is the hundred millions digit of 106356772?
1
What is the ten thousands digit of 1136325512?
2
What is the hundred thousands digit of 7595928482?
9
What is the units digit of 2590133718?
8
What is the billions digit of 3094041953?
3
What is the tens digit of 23327749?
4
What is the ten millions digit of 47695534?
4
What is the ten thousands digit of 4093180134?
8
What is the hundred millions digit of 1081323782?
0
What is the units digit of 674175695?
5
What is the tens digit of 389589350?
5
What is the hundred thousands digit of 37996761?
9
What is the billions digit of 1502624148?
1
What is the ten millions digit of 19882757?
1
What is the millions digit of 168743218?
8
What is the tens digit of 65412262?
6
What is the thousands digit of 3382341945?
1
What is the hundred thousands digit of 3999450912?
4
What is the tens digit of 1976377590?
9
What is the ten millions digit of 221882513?
2
What is the thousands digit of 1330172504?
2
What is the hundreds digit of 201145973?
9
What is the millions digit of 434411321?
4
What is the units digit of 4290262?
2
What is the ten millions digit of 3112024178?
1
What is the ten thousands digit of 1341368404?
6
What is the millions digit of 246352880?
6
What is the hundreds digit of 18931776?
7
What is the tens digit of 477079314?
1
What is the ten millions digit of 155404846?
5
What is the hundred millions digit of 8119385984?
1
What is the tens digit of 3653224?
2
What i